8).
87
What is the value of -39 - ((-1489 - -1457) + (-1 - 100))?
94
Calculate (78 + -32 - 70) + 9.
-15
What is 19 - (-67 - -55) - 35?
-4
-23 + -3 - -5 - 33 - (1 - 5 - 2)
-48
What is -17 - 0 - (-1 - -4 - (0 + 12) - -3)?
-11
Evaluate 86 + (7 - -28 - 9 - 32 - (4 + 0)).
76
Calculate (51 - ((32 - 30 - (1 + 1)) + -3)) + 4.
58
What is -5 - (41 + (-20 - (-11 - -9) - -9))?
-37
What is the value of 33 + -2 + (75 - -18 - 82 - (-2 + 13))?
31
-7 + 71 - (-5 - (-3 - -10))
76
Evaluate -1 + (3 - (3 - 6)) + -2 - (-1813 + 1777).
39
12 + -6 + 0 + 35 + -16
25
90 + (-86 - -33) + 30
67
Evaluate 78 - 115 - 82 - -49.
-70
What is -8 + 5 + (-40 - (97 - 47))?
-93
Calculate 19 - (8 - 7) - (-4 - -1 - -2) - -10.
29
What is 52 + -12 + -62 + -2?
-24
What is -2 + 11 - (29 + (-49 + 13 - -20))?
-4
What is -45 + 4 - (-401 + 324)?
36
Calculate (-241 - -349) + (-17 - 36).
55
Calculate (4 - 3) + 78 + (32 - -2) + -34.
79
What is 3 + -26 + 5 - -4 - 15?
-29
What is the value of 33 - (43 - 26) - (-1 + -7 + 4 - -12)?
8
What is the value of 0 + -7 - 111 - (21 + -41 + 12 + 9)?
-119
Evaluate (605 - 623) + (1 - -61) - 25.
19
(-3 - (-32 - (-18 - -10))) + -17 + 21
25
Evaluate 39 + (49 - 55 - (-2 + 2)) + -5 + 5.
33
What is (0 - -4) + (-102 - (5 - 96))?
-7
(-2 + (-4 - -5) - 14) + -380 + 360
-35
What is (-25 - (-4 + 4)) + -40 + 30 + 13?
-22
Calculate 4 - (-16 + -8 + 22 + 4) - (-1 - -4).
-1
23 + (-58 - (21 - 41))
-15
Evaluate (135 - 119) + (-5 - (39 - 1)).
-27
(-79 - (-2 + -26)) + (-1 - 0) + 8 + 2
-42
What is the value of (1937 - 1884) + (6 - -6)?
65
What is the value of -1202 + 1230 - (2 - (-75 - 0))?
-49
What is -51 - (-1094 + 1100 - (21 + 1))?
-35
What is 9 + (-3 - -20) + -29 + -2?
-5
What is the value of 32 + -12 + 11 + -6 + -5 + 6 + -3?
23
What is -30 + -3 - (299 + -290)?
-42
Calculate 90 + -46 + (-27 + -63 - -12).
-34
What is the value of (-87 - -72) + 3 + (2 - 21)?
-31
26 + 1 - (8 - -15) - -25
29
-48 - (-8 + -11) - -27
-2
Evaluate -7 - (-677 + 678 + (-2 - -2 - 44)).
36
21 + (-38 - -50 - (-7 + 1)) + 5
44
Evaluate 7 - (-15 + (29 - -20)) - (0 + -13).
-14
Calculate 283 + -265 + (2 - 48).
-28
19 - (1 + 25) - ((-1 + 2 - 55) + -1)
48
What is the value of 58 - (72 + 89 + 0)?
-103
Calculate 162 + (-11 + 10 - -39 - 73).
127
Calculate -1965 - -1952 - (-97 + -1).
85
Evaluate (2 - 1) + -3 - 30 - (-535 - -524).
-21
Evaluate -70 + (2 - -18 - -33).
-17
-92 + (94 - 42) + 81
41
Calculate 8 + 9 + -25 + -25 + -92.
-125
What is 2 + 40 + 1646 + -1609?
79
What is the value of -12 + (14 - (7 + -11)) + -28?
-22
Evaluate 17 - (14 + 1 - (369 + -358) - -3).
10
Evaluate -12 + 0 + (-2 - (-10 - -8) - (34 + -23)).
-23
What is 525 - 474 - (6 + -2 - 0 - -3)?
44
What is the value of 29 - (32 - (-33 + 6)) - (25 + -3)?
-52
What is the value of (4 - (19 - 6) - (-2 - -2)) + 33 - 8?
16
Calculate (9 - -52) + (-258 - -168).
-29
-72 + (-74 - (-193 + 13))
34
Evaluate 3 - -20 - (-16 + (-8 - -53)).
-6
Calculate (-7 - (-42 + 10) - 7) + -29.
-11
20 - (-70 + 44) - 23
23
What is 5 - (-8 + (-5 - (2 - -8) - 4))?
32
Calculate 2 + (-8 - -12 - (-1 + -93) - (21 - 8)).
87
What is -66 - -13 - (146 - 252)?
53
-14 + (5 - (-6 - -12)) - 8
-23
What is (9 - ((-19 - -38) + -25)) + -115?
-100
Calculate -45 - ((3 - 2) + -6 + (-9 - 24) + 25).
-32
Calculate 8 - -2 - (-12 - -121 - 50).
-49
15 + 6 + (-1715 - -1635)
-59
39 + 6 - -23 - 131
-63
Calculate -3 - (9 + 1) - (-255 - -285).
-43
Calculate (40 - 8) + (-2 - 1) + 12826 + -12841.
14
What is the value of 0 + 2 + -20 + 9 + (14 - 12) - -7?
0
What is 0 + -15 - (32 + 36 - 78) - -42?
37
Evaluate (-86 - (74 + -148)) + 5.
-7
1 + -8 + 2 + -1 - (10 + 7 - 6)
-17
What is -4 - (8 - 13) - (-6 + -4 + -9 + 7)?
13
Calculate (1127 - 1128) + (3 - 30).
-28
Calculate (-5 - (11 - 23) - -7) + (-9 - -23).
28
Evaluate 2 + 87 + -32 - (74 + -41).
24
Evaluate 45 - (-47 + 122 + -33).
3
Calculate (0 - 3) + 13 + (-6 - -81 - 16) + 0.
69
134 - 190 - (74 - 215)
85
Calculate 13 - (-3 + -2 - (17 + -32)) - -17.
20
Evaluate 18 + -19 + -15 + (-9 - -5) + -1.
-21
What is -15 + 25 + 5 + (-8 - (-1 + 4))?
4
What is the value of -4897 + 4878 + (0 - (-49 + -2))?
32
What is -22 - (10 + 8 + -12) - 28?
-56
(-34 - (0 - 3)) + 132 + -64 + -67
-30
What is 6 + 14 + (-28 + 8 - -12) + 10 + -12?
10
What is the value of 129 - (-59 + 19) - 52?
117
What is the value of 5 + (19 - (92 - (-7 - -22)))?
-53
What is -44 + (-24 - (24 - 1 - 59))?
-32
Evaluate 49 - (-5 + (10 + -18 - -25) - (11 - 1)).
47
Calculate 3 - (-27 - 8 - -18 - (4 - 10)).
14
Calculate (-10 - (-1 + -14 + -78)) + (-4 - (0 + 4)).
75
-11 - (2 + 9 + -29 + 12) - (0 + 34)
-39
Evaluate (10 - 3) + (-164 - -158) + (-2 + 0 - -18).
17
Calculate (8 - (-8 - -20)) + (43 - 21).
18
What is -27 + 25 + ((-3 - 1) + 4 - -7) + -17?
-12
-3 - (3 + 24) - (-65 - (-56 - 0))
-21
(8 - (-14 + 1) - 27) + -50
-56
What is -5 + (2 + 1 + (6 + 11 - 28) - -68)?
55
Evaluate 5 - (8 - -3) - (1535 - 1578).
37
What is the value of -82 - -2 - -81 - (-6 + 0)?
7
(-85 - -4 - (13 - 14)) + 7 + -4 + 8
-69
What is (121 - 20) + -52 - 61?
-12
-105 + (8 - 5) - ((0 - -18) + (642 - 670))
-92
2 + 38 + -1 - ((-74 - -28) + 48)
37
Evaluate 13 - (-533 + 503 + (1 - 19)).
61
What is 20 + (54 + -140 - -52)?
-14
What is the value of -1415 + 1504 - (12 - 0)?
77
(0 - (-1 - 3)) + -131 + -200 + 214
-113
-9 + 4 + (1 - 1) + -12 + 18 - -89
90
What is 63 + (-29 - (-21 + 25) - -17)?
47
65 + -17 + (-13 - -13) + 3
51
Evaluate (22 - 10 - 12) + 14 - (48 - -19).
-53
Evaluate (-25 - (-29 + 17)) + -8 + 6.
-15
What is the value of -81 + (-129 - -120) + 44?
-46
What is 3 + 14 - (35 + 1 - (566 - 586))?
-39
Evaluate 99 + -110 + -8 + -5.
-24
29 + -1 + (-15 - 24)
-11
Calculate 46 - 0 - -5 - ((185 - 194) + (14 - 0)).
46
What is the value of 0 + 29 - (162 - (90 + 103))?
60
What is (-133 - 22) + 322 + -293?
-126
Calculate -64 + 91 + -13 + -30.
-16
Evaluate -12 - (39 - (5 + 11) - 40).
5
What is the value of (-229 - -234) + (34 - 2) + -4 + 4?
37
-98 - (-5 - -18 - 25 - -2)
-88
What is the value of -22 - (5 - 6) - (740 + -713)?
-48
What is 22 - 40 - (-1 - 0) - (9 + (-22 - -19))?
-23
Calculate (21 - (90 - (39 + -22))) + -3.
-55
(13 - 0) + (-18 + (-2 - -17) - 8 - -5)
7
Evaluate -85 - (38 + 17 + -48 - (-4 + 19)).
-77
(-7 - (-7 + -6 + -9)) + 2 + -12 + -10
-5
(4 + 1 + -2 - (-1181 + 1196)) + 1
-11
What is the value of 55 - (2 + -15 - (6 - 31)) - (-1 - 10)?
54
What is the value of -30308 - -30190 - (0 - -10)?
-128
(-92 - 7 - -120) + 3 + -2
22
Calculate 10 - (-12 + (-21 - -17) + -9 + (0 - 5)).
40
Calculate -3 - (29 + (61 - 49)).
-44
Calculate -57 + (2 - (10 - -2)).
-67
Calculate -10 - -1 - (-9 + -15 + 10) - -37.
42
-3 - (57 + (20 - 24))
-56
-55 - (-7 - (19 - 22 - -21 - 12))
-42
Calculate -6 + (25 - 15) + (-6 + 4 + -4 - -2).
0
Calculate -3 + 2 + -1 + -10 + 1 + -14 + 5.
-20
Evaluate -3070 + 3031 - (-23 + -2).
-14
Evaluate 107 + (30 - ((-7 - -5) + -2 + 20)) + -21.
100
Evaluate (-17 + 29 - 56) + (6 - -4).
-34
(5 - (4 + 3)) + 1 + 3 + 12 + -71
-57
What is 12 + (4 - 30 - (7 - 12))?
-9
(-1 + -2 + 8 - 15) + 295 + -247
38
What is the value of 77 + -79 + 8 - -49?
55
What is the value of -9 - -3 - (38 + -56 - -15) - (-3 - -2)?
-2
Evaluate (-84 - -10) + (1158 - 1213).
-129
What is the value of 1 + (112 + (0 - (-7 + 13)) - 4)?
103
What is -47 + (-70 - (-6 + -65))?
-46
Calculate (-75 - (98 - 60)) + 53.
-60
Calculate (58 - -1) + 670 + -619 + (-44 - -1).
67
What is (0 - -1) + (349 - 351) + (-1 - 51)?
-53
Evaluate 1330 + -1337 - (-11 - 0).
4
What is the value of 1231 + -1288 + (6 - 3) + 36?
-18
-4 + 8 - (2 + 2) - 21 - -11
-10
Calculate -1 - 3 - (-29 - (28 + -66) - -30).
-43
What is 24 + (26 + (-11 - -9 - 11) - 111)?
-74
What is the value of -131 + (9 + -6 - 6) + 8 - (82 + -85)?
-123
-271 + 233 + -10 + 0
-48
Calculate (-14 - (4 + -7)) + 10 + 5 + 28.
32
Evaluate -61 + (4 + 3 + -25 - (24 - 24)).
-79
(1746 - 1709) + -2 + -10
25
What is the value of 2 + (-7 - -2) + (-61 - (6 + -19 - -6))?
-57
Evaluate 49 - (44 + -50 + 36).
19
Evaluate 44 + -4 - (2 - (2 - (1 + -2))).
41
What is 7 + 1 + -2 - (-13 - (-14 - 0) - -63)?
-58
Evaluate 4 + 80 + 12 + 2 + -13 + 9 - 1.
93
What is -1 + 9 - (-4 - -12 - -8) - 11?
-19
What is the value of 37 - -8 - 107 - -96?
34
Calculate (2 + -20 - 1) + 59.
40
Calculate (-1 - 21 - (-362 + 333)) + 2 + 8.
17
What is the value of -105 + 30 - -52 - (2 + -15 + 7 + -1)?
-16
116 + -45 + 82 + -83
70
Evaluate